{"id":298,"date":"2012-01-23T13:52:56","date_gmt":"2012-01-23T11:52:56","guid":{"rendered":"http:\/\/www.yasintezel.com\/?page_id=298"},"modified":"2017-01-06T16:00:18","modified_gmt":"2017-01-06T14:00:18","slug":"canakkale-17burda-avm","status":"publish","type":"page","link":"https:\/\/www.yasintezel.com\/?page_id=298","title":{"rendered":"\u00c7anakkale 17Burda Al\u0131\u015fveri\u015f Merkezi"},"content":{"rendered":"<p><strong>Proje Yeri<\/strong> : \u00c7anakkale<\/p>\n<p><strong>Proje \u00d6zellikleri<\/strong> : Al\u0131\u015fveri\u015f Merkezi<\/p>\n<p><strong>\u0130n\u015faat Alan\u0131<\/strong> : 65.000 m2<\/p>\n<p><strong>Tarih<\/strong> : 2014<\/p>\n\n\t\t<style type=\"text\/css\">\n\t\t\t#gallery-1 {\n\t\t\t\tmargin: auto;\n\t\t\t}\n\t\t\t#gallery-1 .gallery-item {\n\t\t\t\tfloat: left;\n\t\t\t\tmargin-top: 10px;\n\t\t\t\ttext-align: center;\n\t\t\t\twidth: 33%;\n\t\t\t}\n\t\t\t#gallery-1 img {\n\t\t\t\tborder: 2px solid #cfcfcf;\n\t\t\t}\n\t\t\t#gallery-1 .gallery-caption {\n\t\t\t\tmargin-left: 0;\n\t\t\t}\n\t\t\t\/* see gallery_shortcode() in wp-includes\/media.php *\/\n\t\t<\/style>\n\t\t<div id='gallery-1' class='gallery galleryid-298 gallery-columns-3 gallery-size-thumbnail'><dl class='gallery-item'>\n\t\t\t<dt class='gallery-icon landscape'>\n\t\t\t\t<a href='https:\/\/www.yasintezel.com\/wp-content\/uploads\/2012\/01\/r2.png'><img width=\"150\" height=\"150\" src=\"https:\/\/www.yasintezel.com\/wp-content\/uploads\/2012\/01\/r2-150x150.png\" class=\"attachment-thumbnail size-thumbnail\" alt=\"\" decoding=\"async\" loading=\"lazy\" \/><\/a>\n\t\t\t<\/dt><\/dl><dl class='gallery-item'>\n\t\t\t<dt class='gallery-icon landscape'>\n\t\t\t\t<a href='https:\/\/www.yasintezel.com\/wp-content\/uploads\/2012\/01\/R1.png'><img width=\"150\" height=\"150\" src=\"https:\/\/www.yasintezel.com\/wp-content\/uploads\/2012\/01\/R1-150x150.png\" class=\"attachment-thumbnail size-thumbnail\" alt=\"\" decoding=\"async\" loading=\"lazy\" \/><\/a>\n\t\t\t<\/dt><\/dl><dl class='gallery-item'>\n\t\t\t<dt class='gallery-icon landscape'>\n\t\t\t\t<a href='https:\/\/www.yasintezel.com\/wp-content\/uploads\/2012\/01\/r3.png'><img width=\"150\" height=\"150\" src=\"https:\/\/www.yasintezel.com\/wp-content\/uploads\/2012\/01\/r3-150x150.png\" class=\"attachment-thumbnail size-thumbnail\" alt=\"\" decoding=\"async\" loading=\"lazy\" \/><\/a>\n\t\t\t<\/dt><\/dl><br style=\"clear: both\" \/><dl class='gallery-item'>\n\t\t\t<dt class='gallery-icon landscape'>\n\t\t\t\t<a href='https:\/\/www.yasintezel.com\/wp-content\/uploads\/2012\/01\/r4.png'><img width=\"150\" height=\"150\" src=\"https:\/\/www.yasintezel.com\/wp-content\/uploads\/2012\/01\/r4-150x150.png\" class=\"attachment-thumbnail size-thumbnail\" alt=\"\" decoding=\"async\" loading=\"lazy\" \/><\/a>\n\t\t\t<\/dt><\/dl><dl class='gallery-item'>\n\t\t\t<dt class='gallery-icon landscape'>\n\t\t\t\t<a href='https:\/\/www.yasintezel.com\/wp-content\/uploads\/2012\/01\/r5.png'><img width=\"150\" height=\"150\" src=\"https:\/\/www.yasintezel.com\/wp-content\/uploads\/2012\/01\/r5-150x150.png\" class=\"attachment-thumbnail size-thumbnail\" alt=\"\" decoding=\"async\" loading=\"lazy\" \/><\/a>\n\t\t\t<\/dt><\/dl><dl class='gallery-item'>\n\t\t\t<dt class='gallery-icon landscape'>\n\t\t\t\t<a href='https:\/\/www.yasintezel.com\/wp-content\/uploads\/2012\/01\/r6.png'><img width=\"150\" height=\"150\" src=\"https:\/\/www.yasintezel.com\/wp-content\/uploads\/2012\/01\/r6-150x150.png\" class=\"attachment-thumbnail size-thumbnail\" alt=\"\" decoding=\"async\" loading=\"lazy\" \/><\/a>\n\t\t\t<\/dt><\/dl><br style=\"clear: both\" \/><dl class='gallery-item'>\n\t\t\t<dt class='gallery-icon landscape'>\n\t\t\t\t<a href='https:\/\/www.yasintezel.com\/wp-content\/uploads\/2012\/01\/r7.png'><img width=\"150\" height=\"150\" src=\"https:\/\/www.yasintezel.com\/wp-content\/uploads\/2012\/01\/r7-150x150.png\" class=\"attachment-thumbnail size-thumbnail\" alt=\"\" decoding=\"async\" loading=\"lazy\" \/><\/a>\n\t\t\t<\/dt><\/dl><dl class='gallery-item'>\n\t\t\t<dt class='gallery-icon landscape'>\n\t\t\t\t<a href='https:\/\/www.yasintezel.com\/wp-content\/uploads\/2012\/01\/17Burda4-1280x720-e1483518074897.jpg'><img width=\"150\" height=\"150\" src=\"https:\/\/www.yasintezel.com\/wp-content\/uploads\/2012\/01\/17Burda4-1280x720-150x150.jpg\" class=\"attachment-thumbnail size-thumbnail\" alt=\"\" decoding=\"async\" loading=\"lazy\" \/><\/a>\n\t\t\t<\/dt><\/dl><dl class='gallery-item'>\n\t\t\t<dt class='gallery-icon landscape'>\n\t\t\t\t<a href='https:\/\/www.yasintezel.com\/wp-content\/uploads\/2012\/01\/17Burda3-1280x720-e1483518085865.jpg'><img width=\"150\" height=\"150\" src=\"https:\/\/www.yasintezel.com\/wp-content\/uploads\/2012\/01\/17Burda3-1280x720-150x150.jpg\" class=\"attachment-thumbnail size-thumbnail\" alt=\"\" decoding=\"async\" loading=\"lazy\" \/><\/a>\n\t\t\t<\/dt><\/dl><br style=\"clear: both\" \/><dl class='gallery-item'>\n\t\t\t<dt class='gallery-icon landscape'>\n\t\t\t\t<a href='https:\/\/www.yasintezel.com\/wp-content\/uploads\/2012\/01\/17Burda2-1280x720.jpg'><img width=\"150\" height=\"150\" src=\"https:\/\/www.yasintezel.com\/wp-content\/uploads\/2012\/01\/17Burda2-1280x720-150x150.jpg\" class=\"attachment-thumbnail size-thumbnail\" alt=\"\" decoding=\"async\" loading=\"lazy\" \/><\/a>\n\t\t\t<\/dt><\/dl><dl class='gallery-item'>\n\t\t\t<dt class='gallery-icon landscape'>\n\t\t\t\t<a href='https:\/\/www.yasintezel.com\/wp-content\/uploads\/2012\/01\/17Burda1-1280x720.jpg'><img width=\"150\" height=\"150\" src=\"https:\/\/www.yasintezel.com\/wp-content\/uploads\/2012\/01\/17Burda1-1280x720-150x150.jpg\" class=\"attachment-thumbnail size-thumbnail\" alt=\"\" decoding=\"async\" loading=\"lazy\" \/><\/a>\n\t\t\t<\/dt><\/dl><dl class='gallery-item'>\n\t\t\t<dt class='gallery-icon landscape'>\n\t\t\t\t<a href='https:\/\/www.yasintezel.com\/wp-content\/uploads\/2015\/01\/T\u00fcm-Proje-3B.png'><img width=\"150\" height=\"150\" src=\"https:\/\/www.yasintezel.com\/wp-content\/uploads\/2015\/01\/T\u00fcm-Proje-3B-150x150.png\" class=\"attachment-thumbnail size-thumbnail\" alt=\"\" decoding=\"async\" loading=\"lazy\" aria-describedby=\"gallery-1-799\" \/><\/a>\n\t\t\t<\/dt>\n\t\t\t\t<dd class='wp-caption-text gallery-caption' id='gallery-1-799'>\n\t\t\t\t17 Burda \u00c7anakkale\n\t\t\t\t<\/dd><\/dl><br style=\"clear: both\" \/>\n\t\t<\/div>\n\n","protected":false},"excerpt":{"rendered":"<p>Proje Yeri : \u00c7anakkale Proje \u00d6zellikleri : Al\u0131\u015fveri\u015f Merkezi \u0130n\u015faat Alan\u0131 : 65.000 m2 Tarih : 2014<\/p>\n","protected":false},"author":1,"featured_media":1074,"parent":22,"menu_order":0,"comment_status":"closed","ping_status":"closed","template":"","meta":[],"_links":{"self":[{"href":"https:\/\/www.yasintezel.com\/index.php?rest_route=\/wp\/v2\/pages\/298"}],"collection":[{"href":"https:\/\/www.yasintezel.com\/index.php?rest_route=\/wp\/v2\/pages"}],"about":[{"href":"https:\/\/www.yasintezel.com\/index.php?rest_route=\/wp\/v2\/types\/page"}],"author":[{"embeddable":true,"href":"https:\/\/www.yasintezel.com\/index.php?rest_route=\/wp\/v2\/users\/1"}],"replies":[{"embeddable":true,"href":"https:\/\/www.yasintezel.com\/index.php?rest_route=%2Fwp%2Fv2%2Fcomments&post=298"}],"version-history":[{"count":10,"href":"https:\/\/www.yasintezel.com\/index.php?rest_route=\/wp\/v2\/pages\/298\/revisions"}],"predecessor-version":[{"id":850,"href":"https:\/\/www.yasintezel.com\/index.php?rest_route=\/wp\/v2\/pages\/298\/revisions\/850"}],"up":[{"embeddable":true,"href":"https:\/\/www.yasintezel.com\/index.php?rest_route=\/wp\/v2\/pages\/22"}],"wp:featuredmedia":[{"embeddable":true,"href":"https:\/\/www.yasintezel.com\/index.php?rest_route=\/wp\/v2\/media\/1074"}],"wp:attachment":[{"href":"https:\/\/www.yasintezel.com\/index.php?rest_route=%2Fwp%2Fv2%2Fmedia&parent=298"}],"curies":[{"name":"wp","href":"https:\/\/api.w.org\/{rel}","templated":true}]}}