{"id":24,"date":"2010-03-09T21:11:18","date_gmt":"2010-03-09T19:11:18","guid":{"rendered":"http:\/\/www.yasintezel.com\/?page_id=24"},"modified":"2016-06-18T00:47:49","modified_gmt":"2016-06-17T21:47:49","slug":"guclendirme","status":"publish","type":"page","link":"https:\/\/www.yasintezel.com\/?page_id=24","title":{"rendered":"G\u00dc\u00c7LEND\u0130RME PROJELER\u0130"},"content":{"rendered":"<p style=\"text-align: left;\" align=\"center\"><span style=\"color: #000000;\"> Hasar g\u00f6rmemi\u015f <\/span> <span style=\"color: #000000;\">yap\u0131n\u0131n genel olarak beklenen olas\u0131 bir depreme dayan\u0131kl\u0131 hale getirilmesi i\u00e7in mukavemetin ve ta\u015f\u0131ma kapasitesinin art\u0131r\u0131lmas\u0131na<\/span> <span style=\"color: #000000;\">g\u00fc\u00e7lendirme <\/span><span style=\"color: #000000;\">denilmektedir.<\/span><\/p>\n<p style=\"text-align: left;\" align=\"center\"><span style=\"color: #000000;\"> Yap\u0131 G\u00fc\u00e7lendirme : mevcut yap\u0131 elemanlar\u0131n\u0131n yeterli ta\u015f\u0131y\u0131c\u0131 de\u011ferlere ula\u015fmas\u0131 i\u00e7in yap\u0131lan \u00e7al\u0131\u015fmalard\u0131r.<\/span><\/p>\n<p style=\"text-align: left;\" align=\"center\">Mevcut yap\u0131lar\u0131n do\u011frusal performans y\u00f6ntemi ile durum de\u011ferlendirilmesi yap\u0131labilir.<\/p>\n<p style=\"text-align: left;\" align=\"center\">Gerekli g\u00f6r\u00fcld\u00fc\u011f\u00fc takdirde 2007\u00a0 T\u00fcrk Deprem y\u00f6netmeli\u011fine uygun olarak G\u00fc\u00e7lendirme Projeleri haz\u0131rlan\u0131r.<\/p>\n<p style=\"text-align: left;\" align=\"center\">G\u00fc\u00e7lendirme y\u00f6ntemi olarak Kolon mantolamas\u0131, Perde ilavesi veya Kiri\u015f g\u00fc\u00e7lendirme uygulamalar\u0131 yap\u0131labilir.<\/p>\n<p style=\"text-align: left;\" align=\"center\">\n","protected":false},"excerpt":{"rendered":"<p>Hasar g\u00f6rmemi\u015f yap\u0131n\u0131n genel olarak beklenen olas\u0131 bir depreme dayan\u0131kl\u0131 hale getirilmesi i\u00e7in mukavemetin ve ta\u015f\u0131ma kapasitesinin art\u0131r\u0131lmas\u0131na g\u00fc\u00e7lendirme denilmektedir. Yap\u0131 G\u00fc\u00e7lendirme : mevcut yap\u0131 elemanlar\u0131n\u0131n yeterli ta\u015f\u0131y\u0131c\u0131 de\u011ferlere ula\u015fmas\u0131 i\u00e7in yap\u0131lan \u00e7al\u0131\u015fmalard\u0131r. Mevcut yap\u0131lar\u0131n do\u011frusal performans y\u00f6ntemi ile durum&hellip; <\/p>\n","protected":false},"author":1,"featured_media":0,"parent":0,"menu_order":2,"comment_status":"closed","ping_status":"closed","template":"","meta":[],"_links":{"self":[{"href":"https:\/\/www.yasintezel.com\/index.php?rest_route=\/wp\/v2\/pages\/24"}],"collection":[{"href":"https:\/\/www.yasintezel.com\/index.php?rest_route=\/wp\/v2\/pages"}],"about":[{"href":"https:\/\/www.yasintezel.com\/index.php?rest_route=\/wp\/v2\/types\/page"}],"author":[{"embeddable":true,"href":"https:\/\/www.yasintezel.com\/index.php?rest_route=\/wp\/v2\/users\/1"}],"replies":[{"embeddable":true,"href":"https:\/\/www.yasintezel.com\/index.php?rest_route=%2Fwp%2Fv2%2Fcomments&post=24"}],"version-history":[{"count":11,"href":"https:\/\/www.yasintezel.com\/index.php?rest_route=\/wp\/v2\/pages\/24\/revisions"}],"predecessor-version":[{"id":1017,"href":"https:\/\/www.yasintezel.com\/index.php?rest_route=\/wp\/v2\/pages\/24\/revisions\/1017"}],"wp:attachment":[{"href":"https:\/\/www.yasintezel.com\/index.php?rest_route=%2Fwp%2Fv2%2Fmedia&parent=24"}],"curies":[{"name":"wp","href":"https:\/\/api.w.org\/{rel}","templated":true}]}}