{"id":22,"date":"2010-03-09T21:10:53","date_gmt":"2010-03-09T19:10:53","guid":{"rendered":"http:\/\/www.yasintezel.com\/?page_id=22"},"modified":"2017-01-06T16:34:00","modified_gmt":"2017-01-06T14:34:00","slug":"statik-projeler","status":"publish","type":"page","link":"https:\/\/www.yasintezel.com\/?page_id=22","title":{"rendered":"BETONARME PROJELER\u0130"},"content":{"rendered":"<div id=\"pl-22\"  class=\"panel-layout\" ><div id=\"pg-22-0\"  class=\"panel-grid panel-no-style\" ><div id=\"pgc-22-0-0\"  class=\"panel-grid-cell\" ><div id=\"panel-22-0-0-0\" class=\"so-panel widget widget_sow-post-carousel panel-first-child panel-last-child\" data-index=\"0\" ><div class=\"so-widget-sow-post-carousel so-widget-sow-post-carousel-default-971e41e9e54d\">\n\t<div class=\"sow-carousel-title\">\n\t\t\n\t\t<a href=\"#\" class=\"sow-carousel-next\" title=\"Next\" aria-label=\"Next Posts\" role=\"button\"><\/a>\n\t\t<a href=\"#\" class=\"sow-carousel-previous\" title=\"Previous\" aria-label=\"Previous Posts\" role=\"button\"><\/a>\n\n\t<\/div>\n\n\t<div class=\"sow-carousel-container\">\n\n\t\t<a href=\"#\" class=\"sow-carousel-previous\" title=\"Previous\" aria-label=\"Previous Posts\" role=\"button\"><\/a>\n\n\t\t<a href=\"#\" class=\"sow-carousel-next\" title=\"Next\" aria-label=\"Next Posts\" role=\"button\"><\/a>\n\n\t\t<div class=\"sow-carousel-wrapper\"\n\t\t     data-post-count=\"3\"\n\t\t     data-loop-posts-enabled=\"1\"\n\t\t     data-ajax-url=\"https:\/\/www.yasintezel.com\/wp-admin\/admin-ajax.php?_widgets_nonce=3ec5a898e1\"\n\t\t\t>\n\t\t\t<ul class=\"sow-carousel-items\">\n\t\t\t\t\t<li class=\"sow-carousel-item\">\n\t\t<div class=\"sow-carousel-thumbnail\">\n\t\t\t\t\t\t\t<a href=\"https:\/\/www.yasintezel.com\/?page_id=674\" style=\"background-image: url(https:\/\/www.yasintezel.com\/wp-content\/uploads\/2013\/11\/DSC_6350-e1483517887169.jpg)\" aria-labelledby=\"sow-carousel-id-674\">\n\t\t\t\t\t<span class=\"overlay\"><\/span>\n\t\t\t\t<\/a>\n\t\t\t\t\t<\/div>\n\t\t<h3><a href=\"https:\/\/www.yasintezel.com\/?page_id=674\" id=\"sow-carousel-id-674\">T.C. 29 May\u0131s \u00dcniversitesi \u00d6\u011frenci Yurdu<\/a><\/h3>\n\t<\/li>\n\t<li class=\"sow-carousel-item\">\n\t\t<div class=\"sow-carousel-thumbnail\">\n\t\t\t\t\t\t\t<a href=\"https:\/\/www.yasintezel.com\/?page_id=991\" style=\"background-image: url(https:\/\/www.yasintezel.com\/wp-content\/uploads\/2016\/06\/IMG-20160527-WA0002.jpg)\" aria-labelledby=\"sow-carousel-id-991\">\n\t\t\t\t\t<span class=\"overlay\"><\/span>\n\t\t\t\t<\/a>\n\t\t\t\t\t<\/div>\n\t\t<h3><a href=\"https:\/\/www.yasintezel.com\/?page_id=991\" id=\"sow-carousel-id-991\">T.C. \u0130stanbul 29 May\u0131s \u00dcniversitesi<\/a><\/h3>\n\t<\/li>\n\t<li class=\"sow-carousel-item\">\n\t\t<div class=\"sow-carousel-thumbnail\">\n\t\t\t\t\t\t\t<a href=\"https:\/\/www.yasintezel.com\/?page_id=1048\" style=\"background-image: url(https:\/\/www.yasintezel.com\/wp-content\/uploads\/2016\/06\/008-A4-272x182.jpg)\" aria-labelledby=\"sow-carousel-id-1048\">\n\t\t\t\t\t<span class=\"overlay\"><\/span>\n\t\t\t\t<\/a>\n\t\t\t\t\t<\/div>\n\t\t<h3><a href=\"https:\/\/www.yasintezel.com\/?page_id=1048\" id=\"sow-carousel-id-1048\">T.C. 29 May\u0131s \u00dcniversitesi Konsept Projesi<\/a><\/h3>\n\t<\/li>\n\t\t\t<\/ul>\n\t\t<\/div>\n\t<\/div>\n\t<input type=\"hidden\" name=\"instance_hash\" value=\"4e3c84ab\"\/>\n<\/div><\/div><\/div><\/div><\/div>","protected":false},"excerpt":{"rendered":"<p>T.C. 29 May\u0131s \u00dcniversitesi \u00d6\u011frenci Yurdu T.C. \u0130stanbul 29 May\u0131s \u00dcniversitesi T.C. 29 May\u0131s \u00dcniversitesi Konsept Projesi<\/p>\n","protected":false},"author":1,"featured_media":0,"parent":0,"menu_order":1,"comment_status":"closed","ping_status":"closed","template":"","meta":[],"_links":{"self":[{"href":"https:\/\/www.yasintezel.com\/index.php?rest_route=\/wp\/v2\/pages\/22"}],"collection":[{"href":"https:\/\/www.yasintezel.com\/index.php?rest_route=\/wp\/v2\/pages"}],"about":[{"href":"https:\/\/www.yasintezel.com\/index.php?rest_route=\/wp\/v2\/types\/page"}],"author":[{"embeddable":true,"href":"https:\/\/www.yasintezel.com\/index.php?rest_route=\/wp\/v2\/users\/1"}],"replies":[{"embeddable":true,"href":"https:\/\/www.yasintezel.com\/index.php?rest_route=%2Fwp%2Fv2%2Fcomments&post=22"}],"version-history":[{"count":19,"href":"https:\/\/www.yasintezel.com\/index.php?rest_route=\/wp\/v2\/pages\/22\/revisions"}],"predecessor-version":[{"id":1107,"href":"https:\/\/www.yasintezel.com\/index.php?rest_route=\/wp\/v2\/pages\/22\/revisions\/1107"}],"wp:attachment":[{"href":"https:\/\/www.yasintezel.com\/index.php?rest_route=%2Fwp%2Fv2%2Fmedia&parent=22"}],"curies":[{"name":"wp","href":"https:\/\/api.w.org\/{rel}","templated":true}]}}